8*b - 70. What is a(24)?
698
Let o(l) = 795*l**2 + 14275*l - 637. Determine o(-18).
-7
Let z(j) = 3*j**2 - 364*j - 33109. What is z(182)?
15
Let j(i) = -3176*i**2 - 18904*i + 912. Calculate j(-6).
0
Let s(d) = -6*d**3 - 6086*d**2 - 8094*d + 10147. What is s(-1013)?
17
Let i(r) = -31*r**2 - 399*r - 1224. Calculate i(-5).
-4
Let b(a) = 150*a**3 - 1949*a**2 - 24*a + 127. Determine b(13).
-16
Let k(z) = z**2 + 171*z - 3646. What is k(20)?
174
Let o(p) = 6*p**2 + 201*p - 15314. Calculate o(-70).
16
Let u(j) = -21*j**2 - 1225*j - 4586. What is u(-55)?
-736
Let t(n) = 5867*n + 316694. Determine t(-54).
-124
Let d(s) = -s**2 + 276*s - 15339. Determine d(130).
3641
Let v(b) = -20*b**2 + 8524*b + 15379. Calculate v(428).
-29
Let v(k) = 5*k**2 - 405*k - 3981. What is v(-9)?
69
Let i(g) = -2*g**2 + 62*g + 1129. What is i(45)?
-131
Let a(u) = 9603*u + 912165. Calculate a(-95).
-120
Let l(g) = 8304*g + 456207. Calculate l(-55).
-513
Let q(u) = 40*u**3 + u**2 + 23*u - 105. What is q(3)?
1053
Let a(g) = g**3 - 42*g**2 - 304*g - 58. Calculate a(-7).
-331
Let b(o) = -13329*o + 987. Determine b(0).
987
Let d(g) = -89748*g - 41014846. Give d(-457).
-10
Let k(v) = -v**3 + 4*v**2 - 2445*v + 12258. Give k(5).
8
Let m(n) = n**3 + 20*n**2 + 42*n + 20. What is m(-16)?
372
Let m(d) = 381*d - 8397. Calculate m(22).
-15
Let t(c) = 3*c**3 - 106*c**2 - 8*c - 6559. Give t(37).
-10
Let y(t) = 353*t + 7005. Give y(-10).
3475
Let u(v) = -25760*v - 180169. Calculate u(-7).
151
Let o(r) = r**3 + r**2 - 230*r + 606. What is o(13)?
-18
Let z(r) = -19*r**3 - 2*r**2 - 1191*r + 3599. What is z(3)?
-505
Let b(u) = -u**3 + 8*u**2 + 141*u - 2239. What is b(13)?
-1251
Let q(z) = 23*z**2 + 7185*z - 89535. Calculate q(12).
-3
Let i(n) = -n**2 + 982*n - 2961. Calculate i(3).
-24
Let q(b) = b**2 + 1257*b + 393133. Determine q(-585).
13
Let x(i) = -3*i**3 - 317*i**2 - 203*i - 126. Calculate x(-105).
-861
Let c(l) = l**2 - 492*l - 57799. Calculate c(590).
21
Let v(t) = -1356*t - 116364. Give v(-86).
252
Let s(l) = -7930*l + 1078470. Give s(136).
-10
Let m(r) = -20*r**2 - 197*r - 482. Determine m(-6).
-20
Let u(v) = 10*v**3 - 154*v**2 - 132*v + 15. Calculate u(16).
-561
Let d(h) = h**2 + 1212*h + 150082. What is d(-140)?
2
Let l(j) = 876*j**2 + 26269*j - 337. Determine l(-30).
-7
Let w(z) = 27115*z + 596593. What is w(-22)?
63
Let g(i) = -10314*i - 10383. Determine g(-1).
-69
Let m(u) = -136*u**2 - 122*u + 304. What is m(-2)?
4
Let y(c) = c**3 - 15*c**2 - 9*c - 3. Give y(-3).
-138
Let d(c) = -2*c**3 + 39*c**2 + 3*c + 1258. Determine d(21).
-2
Let v(j) = 91*j + 74. Give v(0).
74
Let d(z) = -13*z**2 - 169*z + 1881. Give d(9).
-693
Let x(s) = 5*s**3 + 95*s**2 + 38*s + 5198. Calculate x(-21).
-10
Let j(k) = k**3 - 9*k**2 + 18*k - 51. What is j(7)?
-23
Let m(n) = -7966*n - 366434. Give m(-46).
2
Let a(l) = -l**3 + 128*l**2 - 503*l + 2131. What is a(124)?
1263
Let z(k) = 7*k**3 - 763*k**2 + k + 11. Determine z(109).
120
Let k(p) = -3*p**2 - 26*p - 45. Give k(-17).
-470
Let a(j) = -3092586*j + 6185176. Calculate a(2).
4
Let y(l) = 616*l**2 + 15393*l - 233. Calculate y(-25).
-58
Let m(j) = -9794*j - 3819679. Give m(-390).
-19
Let j(i) = 47*i**2 - 2997*i + 15828. Calculate j(58).
110
Let b(m) = m**3 - 12*m**2 - 1212*m + 12306. What is b(10)?
-14
Let l(m) = -2000*m + 1455955. Determine l(728).
-45
Let y(p) = 85647*p + 599521. Calculate y(-7).
-8
Let y(h) = -h**3 - 56*h**2 - 535*h - 673. Determine y(-43).
-1705
Let f(r) = 3*r**3 - 80*r**2 - 542*r + 273. Calculate f(-6).
-3
Let u(c) = -715*c + 3150. What is u(5)?
-425
Let k(n) = -n**2 + 11308*n - 428269. Give k(38).
-9
Let t(h) = h**3 + 2*h**2 + 179*h + 957. Determine t(-5).
-13
Let a(c) = 4*c**2 - 2*c - 811. Calculate a(9).
-505
Let p(r) = 14797*r**2 - 18*r + 20. What is p(0)?
20
Let f(v) = 6*v**3 + 41*v**2 + 131*v + 920. Give f(-7).
-46
Let r(p) = p**2 - 862*p + 184106. Determine r(399).
-631
Let r(g) = g**3 - 253*g**2 - 14*g + 3535. What is r(253)?
-7
Let t(u) = u**3 + 335*u**2 - 4517*u - 75. What is t(13)?
16
Let b(v) = -v**3 - 51*v**2 - 235*v - 312. Determine b(-46).
-82
Let u(j) = 6*j**3 + 523*j**2 + 57*j - 2615. What is u(-87)?
-5
Let y(v) = 235*v + 53325. What is y(-227)?
-20
Let a(d) = -4*d**3 + 184*d**2 + 1026*d - 300. Give a(51).
6
Let s(k) = -128*k + 11531. What is s(91)?
-117
Let l(n) = 589*n + 55383. Determine l(-91).
1784
Let z(g) = 19*g**2 + 152*g + 1113. What is z(-7)?
980
Let w(d) = -2249*d**2 - 110205*d - 202. Give w(-49).
-6
Let o(u) = -u**3 - 48*u**2 - 305*u - 809. Determine o(-41).
-71
Let a(k) = k**3 - 369*k**2 + 438*k - 25770. Determine a(368).
-10
Let l(p) = -32636*p + 228431. Determine l(7).
-21
Let w(d) = 86*d + 7671. Calculate w(-42).
4059
Let p(s) = -66*s + 8282. Give p(132).
-430
Let w(g) = 3*g**2 + 205*g - 23121. Give w(60).
-21
Let y(m) = -5*m**2 + 46*m + 83. Determine y(-6).
-373
Let g(u) = 430*u - 27321. Give g(63).
-231
Let u(y) = -y**2 - 150*y + 988. Give u(-155).
213
Let g(x) = 1098*x - 27930. Give g(25).
-480
Let x(c) = 104*c + 3693. What is x(-44)?
-883
Let j(k) = k**3 + 309*k**2 - 1228*k + 7516. Determine j(-313).
4
Let t(c) = -28596*c - 26622887. Determine t(-931).
-11
Let g(w) = -w**3 + 111*w**2 + 96*w + 1783. Give g(112).
-9
Let n(d) = 19*d**3 + 3*d**2 - 25*d + 3. Give n(4).
1167
Let h(s) = -32034*s - 1057173. Determine h(-33).
-51
Let u(v) = -45735*v + 4070411. Determine u(89).
-4
Let v(d) = d**3 + 194*d**2 + 158*d - 715. Give v(-193).
6040
Let v(h) = 2*h**2 - 1840*h + 368099. Calculate v(294).
11
Let g(d) = -3*d**3 - 95*d**2 - 667*d - 752. Calculate g(-8).
40
Let d(o) = 2*o**3 - 344*o**2 + 1010*o + 1008. What is d(169)?
332
Let a(p) = 5*p**2 + 1646*p - 8196. Determine a(5).
159
Let y(i) = -386241*i - 2703684. What is y(-7)?
3
Let j(o) = -2*o**3 + 36*o**2 + 183*o + 17. Give j(22).
171
Let p(r) = -30*r**2 + 1502*r - 2884. What is p(2)?
0
Let b(l) = -912*l + 16497. What is b(18)?
81
Let z(j) = j**3 - 248*j**2 - 461*j - 9748. Determine z(250).
2
Let s(n) = 9534*n + 66761. Determine s(-7).
23
Let z(q) = -2*q**3 - 21*q**2 - 14*q + 112. Calculate z(2).
-16
Let l(s) = 11876*s - 4691031. Give l(395).
-11
Let y(u) = 68*u**2 + 4967*u + 229. Give y(-73).
10
Let b(i) = -106*i + 17982. Give b(176).
-674
Let j(t) = 76*t**3 - 1972*t**2 - 110*t + 187. Give j(26).
31
Let z(l) = -20*l**2 + 268*l + 56. What is z(5)?
896
Let m(i) = -9*i**2 + 19*i - 142. Give m(-5).
-462
Let t(v) = -v**3 - 122*v**2 - 119*v + 259. What is t(-121)?
17
Let a(i) = 1400*i + 21003. Calculate a(-15).
3
Let v(u) = u**2 + 3633*u + 380689. Give v(-108).
-11
Let x(h) = 188*h + 79404. What is x(-423)?
-120
Let a(c) = -31573*c + 3157310. What is a(100)?
10
Let q(u) = -u**3 - 4*u**2 + 15267*u + 76316. What is q(-5)?
6
Let i(h) = 7827*h + 907936. What is i(-116)?
4
Let h(l) = -l**3 - 299*l**2 + 2*l - 79. Give h(-299).
-677
Let l(o) = 11*o**2 + 444*o - 4. Give l(-39).
-589
Let n(y) = -4*y**2 - 56*y + 2246. What is n(-32)?
-58
Let o(a) = -605*a**2 + 2012*a - 177. Calculate o(3).
414
Let g(m) = -61*m**2 + 7477*m - 11622. Determine g(121).
-6
Let f(u) = 548*u + 15286. Give f(-28).
-58
Let z(j) = -1714*j - 481687. Determine z(-281).
-53
Let l(d) = -7*d**2 + 587*d + 1191. Determine l(-2).
-11
Let h(x) = -x**3 - 44*x**2 + 76*x - 666. Determine h(-46).
70
Let z(b) = 64550*b - 4195755. What is z(65)?
-5
Let n(t) = -1053*t**3 - 8*t + 8. What is n(1)?
-1053
Let n(v) = 1172*v - 39831. Give n(34).
17
Let b(i) = 4789756*i + 33528294. Give b(-7).
2
Let b(n) = -448*n - 10262. Calculate b(-23).
42
Let l(f) = 12*f**3 + 1193*f**2 - 3160*f + 84. Determine l(-102).
-120
Let o(s) = 81*s**2 - 1235*s + 2958. What is o(3)?
-18
Let p(d) = -1195*d**2 + 29882*d + 219. Determine p(25).
394
Let g(c) = 2*c**2 - 16805*c - 100898. What is g(-6)?
4
Let o(v) = v**3 - 409*v**2 - 162*v - 101735. Calculate o(410).
-55
Let h(l) = 731*l - 14484. Determine h(21).
867
Let o(b) = -10*b**2 + 122*b - 156. What is o(11)?
-24
Let f(r) = 5*r**2 - 1603*r + 995. What is f(320)?
35
Let w(y) = 6427*y + 1626037. Determine w(-253).
6
Let w(d) = -2466*d - 24664. Calculate w(-10).
-4
Let l(g) = -1363*g + 12572. Determine l(9).
305
Let k(y) = 16*y**2 - 8222*y + 118756. Calculate k(499).
-6
Let x(r) = 5196*r + 88337. Determine x(-17).
5
Let g(f) = -11916*f - 177723. Give g(-15).
1017
Let j(o) = 4*o**2 + 81639*o + 4081